 s**2 + 2*s + 2. Let c be n(0). Let g(o) = 1 + 21*o**2 - 4*o**2 + 0. Let w be g(-1). Calculate the highest common factor of c and w.
2
Suppose -25 = -3*d + 11. Let f = 16 + d. What is the greatest common factor of f and 2?
2
Let m(q) = 12*q - 2. Let w be m(6). Suppose -368 = 21*x - 205*x. Suppose 5*n - w = -3*g, -x*g + 3*n = 8*n - 55. What is the highest common factor of 75 and g?
15
Suppose -x + 354 = 5*x. Let l = x - 47. Suppose 27 = f + 3. Calculate the highest common factor of f and l.
12
Suppose 0 = 3315*g - 3308*g - 1974. What is the greatest common factor of 24 and g?
6
Suppose 3*b = 42 - 12. Let r = -308 + 325. Suppose -10*n - 210 = -r*n. Calculate the highest common factor of b and n.
10
Suppose -118 = 4*j - 0*q - 2*q, -2*j - 5*q - 89 = 0. Let m be ((-4)/(j/(-12)) + 1)*138. Let u = m + 129. What is the highest common factor of u and 15?
15
Suppose 0 = -4*l - 5*h + 7484, -2*h = -l + 1109 + 775. Calculate the greatest common divisor of l and 56.
28
Suppose -25*v + 2645 + 355 = 0. What is the greatest common factor of v and 225?
15
Suppose 3*a = 4*w + 258, -3*w - 249 = -27*a + 24*a. Let q = 37 - 0. What is the greatest common divisor of a and q?
37
Let q(y) = y**3 - 20*y**2 + 22*y + 18. Let l be q(18). Let a be l/(-13) - (1/1 - -3). Calculate the greatest common divisor of a and 42.
14
Let p = 246 - 78. Let b be 3/(-2)*(4480/15)/(-4). What is the highest common divisor of p and b?
56
Let s(l) = l**3 - 22*l**2 + 25*l - 363. Let c be s(22). Calculate the highest common factor of 77 and c.
11
Let t(k) = 2*k**2 - 2. Let s be t(4). Let g = 102 + 83. Suppose 3*v + 56 = -2*u + g, -174 = -4*v - 2*u. What is the greatest common factor of s and v?
15
Let d = -7158 + 7224. Calculate the greatest common factor of 13244 and d.
22
Suppose -4*g = 11 - 7. Let l be (-1)/(-2) - (g + (-462)/4). Suppose -2*a - 13 = -3*a. What is the highest common factor of l and a?
13
Let p = -1823 - -2915. What is the greatest common divisor of 26 and p?
26
Let i be (-42)/(-10)*1540/231. Let w be 6/8*1176/14. Calculate the greatest common divisor of i and w.
7
Suppose 137*h + 1085 = 138*h. Let x(a) = 2*a**3 - 87*a**2 - 45*a + 79. Let b be x(44). What is the highest common divisor of b and h?
35
Let g(j) = 5*j + 2244. Let p be g(-52). What is the greatest common factor of 186 and p?
62
Let n(s) = 4*s - 1. Let g(j) = -j - 6. Let t be g(-4). Let y be n(t). Let x be (-6)/18 + (-111)/y. What is the highest common factor of x and 12?
12
Let v(b) = -b**2 - 156*b - 2805. Let p be v(-128). What is the greatest common divisor of 437 and p?
19
Let i = -8007 - -8129. What is the highest common factor of i and 5490?
122
Let b be -2*4 + (505 - 79 - 44). Suppose 5*r + 2*v - 45 = 73, -4*v - 6 = -r. What is the greatest common divisor of r and b?
22
Suppose -3*s + 675 = 2*s. Let g = 2667 + -2652. Calculate the greatest common factor of g and s.
15
Let f(n) = -n**2 + 22*n - 51. Let o be f(5). Suppose c - 4 = 4*g, -3*g + o = 5*c - 78. What is the highest common divisor of 290 and c?
10
Let q = 5375 - 5374. What is the greatest common factor of q and 837?
1
Let s = -2203 - -2247. Calculate the greatest common factor of 4125 and s.
11
Let b(x) = -2*x**3 - 3*x**2 + 2*x. Let r be b(-2). Let l be (-204)/(-30)*(95 + r). Calculate the highest common factor of 38 and l.
38
Suppose -d = -s - 86, s + 0*s - 369 = -4*d. Let m = d + 145. What is the greatest common factor of 59 and m?
59
Suppose 43 = -3*a - 5. Let j(f) = -2*f + 6. Let b be j(a). Let k(h) = 24*h + 8. Let g be k(6). What is the greatest common factor of g and b?
38
Let w = 15324 + -15232. Let v be (-50)/(-3 - -1) + -2. Calculate the greatest common divisor of v and w.
23
Let l = -199 - -199. Let w(d) = 4*d + 361. Let c be w(l). Calculate the greatest common divisor of 19 and c.
19
Let r be 2*(57 + (-2)/1). Let j = 165 + -158. Suppose -7*t + 140 = j*t. What is the greatest common divisor of r and t?
10
Suppose 37*h - 1085 = -20*h + 5983. Calculate the highest common divisor of 28 and h.
4
Let s(y) = y**3 + 14*y**2 + 51*y + 86. Let o be s(-3). What is the highest common divisor of o and 14368?
32
Let j = 102 - 98. Suppose 0 = 4*h + 5*s - j, -5*h - 3*s + 34 = -4*s. Let o be ((-16)/h)/((-2)/3). Calculate the highest common divisor of 20 and o.
4
Suppose 3087*j - 8272 = 2993*j. Calculate the greatest common factor of j and 15972.
44
Let t = 4624 + -4609. What is the highest common factor of t and 3985?
5
Suppose 6*b = -118 - 20. Let o be (-12)/(-4) - (-6 + 7)*b. What is the greatest common factor of o and 78?
26
Suppose 4 = 3*a + 1. Let j be 61 - (-1 - (1 + a)). Let x(l) = -14*l**2 - 211*l + 1. Let y be x(-15). What is the greatest common factor of y and j?
16
Let y(v) = -7*v**3 + 6*v**2 + 11*v + 16. Let f be y(-4). Calculate the highest common factor of 602 and f.
86
Let u = -188 + 281. Suppose -4*s = 3*i - 75, -20*i = -16*i + 3*s - u. Calculate the greatest common divisor of i and 63.
21
Let t be ((-52)/6 + 17 + -9)*39*-14. Calculate the greatest common factor of t and 672.
28
Let d be 1*16 - (0 - -16)/(-4). Let g(b) = 9*b**2 + 18*b - 56. Let i be g(4). Calculate the highest common divisor of i and d.
20
Let r(u) = -2*u**3 + 47*u**2 - 48*u + 88. Let f be r(22). Let x be (-1095)/(-25) - ((-2)/1)/10. What is the highest common factor of f and x?
44
Let g = -10 + 8. Let a = 5 + g. Calculate the greatest common divisor of 81 and a.
3
Let x be (-2)/6 - 259/(-21). Suppose 24*p = 23*p + x. Suppose -p*d - 36 = -15*d. Calculate the highest common divisor of 48 and d.
12
Let t = -31 - -35. Let m = 40 + t. Let l = -91 - -95. Calculate the greatest common factor of m and l.
4
Suppose -6*l + 30 = -0*l. Suppose l*z + 40 = 70. Let o be (-30)/18*z/(-5). Calculate the highest common factor of o and 6.
2
Suppose -13*u - 139*u = -188784. What is the highest common divisor of 3864 and u?
138
Suppose -5848 - 3355 = -22*x - 51. What is the greatest common divisor of x and 2392?
104
Suppose 3*d - 269 = -2*s, d - 13*s = -15*s + 91. Suppose -2*y + 179 = -d. What is the highest common divisor of 67 and y?
67
Suppose 0 = 4*m + o - 12677, 430 = -4*o + 402. Calculate the greatest common factor of 21 and m.
21
Let w(k) = -k + 38. Let i be w(10). Let m be 118/14 + (-40)/i + 1. What is the highest common factor of m and 1?
1
Let q be (12/9)/((-8)/(-300) - 0/5). What is the greatest common factor of 890 and q?
10
Let a = -151 + 346. Let q(d) = -d**2 - 25*d + 2615. Let w be q(40). Calculate the highest common factor of w and a.
15
Let v(s) = 7*s - 327. Let u be v(49). Calculate the highest common factor of 80 and u.
16
Let a = -725 + 926. Calculate the greatest common factor of 3886 and a.
67
Suppose -4*m + 3*o + 3906 = 0, 4884 = 5*m - 4*o - 0*o. What is the greatest common factor of 36 and m?
36
Let x be (-205)/(-41) - (1 - 8). Let m = 28 - 12. Calculate the highest common divisor of x and m.
4
Suppose -4*m - 42 = -9*g + 8*g, 15 = 5*m. Let z be (5 + (-6)/(g/39))*3. Suppose -22 = -5*s - 7. Calculate the highest common factor of z and s.
1
Let w(n) = -57*n - 313. Let r be w(-19). Calculate the highest common divisor of r and 175.
35
Suppose 3*x + s = 9, 0 = -3*x - 2*s + 4 + 8. Suppose -x*i = -7*i + 320. Let t = 77 - i. Calculate the greatest common factor of t and 13.
13
Suppose 0 = -3*m + 3*u + 12, 25*u + 22 = 2*m + 30*u. Suppose -15 = 5*p, -5*a + m*a + 3*p - 59 = 0. What is the greatest common factor of a and 34?
34
Let t(y) = -2*y**2 - 5*y + 4. Let k be t(9). Let v = k - -251. Calculate the greatest common factor of v and 528.
48
Let b(o) = -o**3 + 6*o**2 + 13*o + 7. Let i be b(6). Let q = i + -10. Let t = 78 - q. Calculate the greatest common factor of 21 and t.
3
Suppose 0 = -13*i + 61 - 9. Suppose 4*c - 34 + 128 = 5*g, -4*g + i*c + 76 = 0. Calculate the greatest common factor of g and 9.
9
Let l be 2858/4 + 5/((-40)/(-12)). Suppose 32*g = 36*g - l. Suppose 4*a + 8*v - g = 11*v, -45 = -a + v. Calculate the highest common factor of a and 33.
11
Let m be (3 - 354/(-10)) + 36/60. Let h = m - 36. What is the greatest common divisor of h and 57?
3
Suppose -7*i + 307 = -813. What is the highest common factor of i and 28?
4
Let w(t) = -44*t - 12. Let k be w(-1). Let y = k + 77. Suppose -3*b = -2*d + y, 4*b - 36 - 52 = -2*d. Calculate the highest common factor of d and 550.